6)/12*(-3)/d?
3
Let o(b) = 477*b**2 - 7*b + 14. What is the thousands digit of o(2)?
1
Let h(m) = 2*m**2 - m + 481. What is the hundreds digit of h(0)?
4
Suppose -28 = -3*h + 4*t + 39, 2*t = -4*h + 60. Let i(n) = -15 + 5*n + h + 9. What is the units digit of i(6)?
1
Let k(w) = -w**2 + 3*w + 7. Let f(b) = -1. Let v(j) = 3*f(j) + k(j). Let o be v(4). Let d(y) = -y**2 - y + 18. What is the units digit of d(o)?
8
Let u(x) = x - 1. Let q(r) = -r**2 - 17*r + 28. Let c be (44/66)/((-4)/18). Let t(f) = c*u(f) - q(f). What is the units digit of t(-17)?
6
Let c = 178 - 166. Let p = -6 - -24. Suppose c = 2*i - p. What is the units digit of i?
5
Let c be (-287)/(-35) + (-1)/5. Suppose 3*s + 30 = c*s. Suppose 9*a = s*a + 66. What is the units digit of a?
2
What is the units digit of (-109383)/(-95) + (-2)/5?
1
Let m be ((-1330)/(-175))/((-1)/5). Let x = m + 122. What is the tens digit of x?
8
Suppose w - 6 = -w. Suppose -w*i + 123 = 3*b, -4*i - 198 = -5*b - 2*i. What is the tens digit of b?
4
Let p(h) = -101*h + 1. Suppose 7 = l - 5*d, -22 = 5*l - l + 5*d. Let j be p(l). What is the tens digit of j/10 + (-6)/15?
3
Let v = -2 + 103. Let l = v + 69. What is the hundreds digit of l?
1
Let l(z) = -4*z**2 - 5*z + 3. Let v be l(8). What is the units digit of ((-2)/(4/v))/(8/16)?
3
What is the units digit of 2/(-3) - (-48359)/111?
5
Suppose 2141 + 1279 = 12*l. What is the hundreds digit of l?
2
Suppose -5*q + 2 + 3 = 0, -2*x - 2*q = -206. Let u = -27 + x. What is the tens digit of u?
7
Let x be (1 - 4) + (4*-7)/(-4). Suppose 5*u - 21 = x*u. What is the units digit of u?
1
Let k(v) = -v**2 - 15*v + 3. Let p be k(-15). Let n be p/(-21) + (-1)/(-7). Suppose n*d + 18 = 3*d. What is the units digit of d?
6
Suppose -749 = 19*z - 18*z. Let c = -485 - z. What is the hundreds digit of c?
2
Let p be (-9)/(-2)*(-32)/24. Let u be ((-4)/(-6))/((-2)/p). Suppose 3*q - 3*l = 176 - 29, -u*q = 3*l - 93. What is the units digit of q?
8
Suppose 2*d = -2*d. Let r = d - -26. What is the units digit of r?
6
Suppose -h = -7*h + 888. Suppose -3*x - 3*f - 10 + h = 0, 2*f + 76 = 2*x. What is the tens digit of x?
4
Let b(r) = -78*r**2 - 3*r + 7. Let n(a) = -52*a**2 - 2*a + 5. Let z(w) = -5*b(w) + 7*n(w). Let x = 220 + -221. What is the units digit of z(x)?
5
Let g be 1/(1*(-2)/42). Let m = g - -24. What is the units digit of m?
3
Let b(p) = 26*p - 69. What is the units digit of b(13)?
9
Let s be 4/30 + (-92)/15. What is the hundreds digit of 8/(1/(-5)*s/15)?
1
Let n = 4 - -13. Suppose -n + 401 = 4*w. What is the tens digit of w?
9
Let c(q) = -q**3 + 2*q**2 - q. Let p = -9 + 10. Let i be c(p). Suppose i = -2*u + 36 + 4. What is the tens digit of u?
2
Let q(o) be the third derivative of o**8/20160 - o**7/1260 - o**5/12 - o**2. Let y(v) be the third derivative of q(v). What is the tens digit of y(6)?
1
Suppose -2*t - 36 + 68 = 0. Suppose -3*d + 183 = 5*o - 0*d, 3*o - d = 107. Suppose 0 = 4*q - t - o. What is the tens digit of q?
1
Suppose 100*f - 4956 = 88*f. What is the units digit of f?
3
Suppose 3 = -3*t - 3. Let v(f) = -8*f**3 - 2*f**3 - 3*f**2 - 2 + f + 5*f**3 + f**3. What is the tens digit of v(t)?
1
Let w(c) = -46*c - 14. Let k be w(-4). Let u = k - -140. What is the hundreds digit of u?
3
Let u(s) = -s**3 - 3*s**2 - 10*s - 12. Let o be u(-6). What is the units digit of (o/(-21))/(6/(-21))?
6
Let y(h) be the third derivative of -h**5/10 + 5*h**4/24 + 2*h**3/3 + 9*h**2. Let p be y(3). Let u = p - -115. What is the units digit of u?
0
Let o = -2245 + 5441. What is the units digit of o?
6
What is the tens digit of (-61815)/(-55) + (-3)/(-33)?
2
Let f = -348 + 1111. What is the units digit of f?
3
Suppose -90 = -5*v - 10. Suppose 4*w - 2*g = v, -8 = -w - w - 4*g. Suppose -2*l - 13 = -3*u, 5*l + w = -2*u - 0. What is the units digit of u?
3
What is the hundreds digit of 65730/22 - (-1 - 40/(-55))?
9
What is the tens digit of (-41798)/(-19) - (-110)/1045?
0
Suppose -8*r + 6*r = 14. Let q be (-2)/(-4)*42/r. What is the units digit of ((-148)/(-8))/(q/(-6))?
7
Suppose -68 = x - 42. Let w = -3 - x. What is the units digit of w?
3
Let h(s) = 9*s - 72. Let y be h(8). Let c(l) = 7*l - 4. Let v be c(3). Suppose y*z = -z + v. What is the units digit of z?
7
Let j = 803 + -484. What is the units digit of j?
9
Suppose 103 = y + 3*k, -4*k = y - 0*k - 106. Suppose 2*r + 2*n - y = -2*n, 2*r + 2*n = 92. What is the tens digit of r?
4
Let d(f) = 5*f + 6 - 7*f**2 - 3*f**3 + 2*f**3 + 0*f**3 + 2*f**3. What is the units digit of d(7)?
1
Let u(h) be the second derivative of 49*h**4/12 - 7*h - 5. Let w = 1 - 2. What is the units digit of u(w)?
9
Let a be -2*(315/(-10))/7. Suppose 4*o = a*o - 495. What is the units digit of o?
9
Let j(h) = h**3 + 2*h**2 + 19*h + 14. What is the tens digit of j(8)?
0
Let f = -2 - -2. Let o be (-10)/3*(-6)/4. What is the units digit of o + 15 + -2 + f?
8
Let w be (-4)/6 - (3 + 22/(-6)). Suppose w*k + 44 = k + 5*m, -5*k + 350 = -m. What is the units digit of k?
9
Let k = 6 + 19. Let n be 6 + -3 - 4 - k. Let h = n + 45. What is the units digit of h?
9
Let p(i) = i**3 + 9*i**2 + 9*i + 10. Let m be p(-8). Suppose -5*f = -m*f - 522. What is the units digit of f?
4
Let s be (-8 - -10) + -19 + 1. Let z = s - -17. What is the units digit of z?
1
Let d = -56 + 54. What is the units digit of (-24 - -22)*229/d?
9
What is the tens digit of -2 - -1 - (-5)/(15/84)?
2
Let c(k) = 2*k + 33. Let p(y) = -y - 17. Let a(x) = 6*c(x) + 11*p(x). Let n be 21/(-4) - (-9)/(-12). What is the units digit of a(n)?
5
Let g(b) = b - 10. Let y be (-64)/(-24)*45/6. Let s be g(y). Suppose 0 = 3*r + 3*w + 6, w - 6 = -s*r + 5*r. What is the units digit of r?
2
Let s(l) = 2*l**3 - 14*l**2 - 12*l + 26. What is the tens digit of s(8)?
5
Let u = -41 + 43. Suppose -5*w - g + 380 = -4*g, -u*g - 302 = -4*w. What is the units digit of w?
3
Let l(v) = 4*v**2 - 6*v + 2. Let r(m) = -m**2 - m - 1. Let o(x) = l(x) + 3*r(x). What is the tens digit of o(-6)?
8
Let f be 236 - (2 - 2) - 2. What is the tens digit of 208/(-6)*f/(-24)?
3
Let z = 3466 - 737. What is the thousands digit of z?
2
Suppose 35 = 4*l + 5*s - 18, -94 = -5*l + 3*s. What is the tens digit of l?
1
Let m = 10 + -6. What is the units digit of (-125)/((-16)/m - -3)?
5
Suppose 5*y - 7*y + 10 = 0. What is the units digit of (-6)/y*(-8 - -3)?
6
Suppose 3*t - 1964 = -2*a - 46, -5*a + 4795 = 3*t. What is the tens digit of a?
5
Suppose 2*j + 0 + 8 = 0, -12 = q + 3*j. Suppose 4*k - 88 + 4 = q. What is the tens digit of (-88)/(-6)*k/14?
2
Let b(r) = -r**2 - 16*r - 4. Suppose 3*f - 20 = -f. Suppose -5*m = -4*z + f*z + 19, 8 = -4*m. What is the tens digit of b(z)?
5
Suppose -13*l + 17*l = 2*a + 5294, -5*l + 6630 = -5*a. What is the hundreds digit of l?
3
Suppose 2*z = -3*l - 21, -3*l = 2*z - 4*l + 1. Let j be ((2 - 2) + -1)*z. Suppose o = 2*p + j*p - 82, -p + 12 = 2*o. What is the units digit of p?
6
Let d(b) = -b**3 - 13*b**2 - 8*b + 42. What is the units digit of d(-19)?
0
Suppose 7*t = -51*t + 127194. What is the tens digit of t?
9
Let u = 37 - 17. Suppose 0*r - 4*r = -u. Suppose 106 + 14 = r*a. What is the tens digit of a?
2
What is the hundreds digit of (2/(-6)*-2)/((-1)/(-258))?
1
Let u(p) = -2*p**2 - 17*p - 5. Let v be u(-8). Suppose -18*o = -v*o - 1965. What is the tens digit of o?
3
Let j = -32 + 34. Suppose -w = j*x - 70 - 106, 0 = 5*x. What is the hundreds digit of w?
1
Let q be (5*30/125)/(2/20). Let x = 3 + -5. What is the units digit of (-4)/((-16)/q) + x?
1
Let x be 1*-4 + 12 + -8. Let k(l) = l**2 - l + 2. Let r be k(x). Suppose 3*o = -5*z + 193, -78 = -2*z - 3*o + r*o. What is the tens digit of z?
4
Let l(h) = -h + 23. Let c be l(16). Suppose c*y = -998 + 2958. What is the hundreds digit of y?
2
Let p(z) = z**2 + 5*z + 2. Let c be p(-5). Suppose l - c = -1. What is the units digit of l/4 - 258/(-24)?
1
Let f = -9 + 29. Suppose -9*y + 4*y = -f. Suppose 0 = -2*n - 8, 0*n + 3*n - 8 = -y*m. What is the units digit of m?
5
Suppose 1255 = 15*q - 4040. What is the units digit of q?
3
Suppose 964 = 6*p - 3818. What is the tens digit of p?
9
Let u be (22/(-3) + 4)*30. What is the tens digit of (u/12)/(3/(-9))?
2
Let f be 15/5 + 1*(-1)/(-1). What is the tens digit of f + 93 + -1 - -1?
9
Suppose 0 = -3*m + 3*p - 12, 5*p + 0*p - 20 = 2*m. Suppose -4*t + 123 + 137 = m. Wh